{"id":579,"date":"2024-03-29T13:35:22","date_gmt":"2024-03-29T12:35:22","guid":{"rendered":"https:\/\/pirosac3d.hu\/?page_id=579"},"modified":"2024-04-03T10:18:27","modified_gmt":"2024-04-03T08:18:27","slug":"digitalis-tervezes-kurzus","status":"publish","type":"page","link":"http:\/\/pirosac3d.hu\/?page_id=579","title":{"rendered":"Digit\u00e1lis Tervez\u00e9s"},"content":{"rendered":"\n<div class=\"wp-block-media-text is-stacked-on-mobile\"><figure class=\"wp-block-media-text__media\"><img fetchpriority=\"high\" decoding=\"async\" width=\"720\" height=\"503\" src=\"https:\/\/pirosac3d.hu\/wopr\/wp-content\/uploads\/2024\/03\/computer-coding_cropped.jpg\" alt=\"\" class=\"wp-image-627 size-full\"\/><\/figure><div class=\"wp-block-media-text__content\">\n<h2 class=\"wp-block-heading\">Digit\u00e1lis Tervez\u00e9s kurzus<\/h2>\n\n\n\n<p>A Digit\u00e1lis Tervez\u00e9s kurzust a BME G\u00e9p\u00e9sz Szakkoll\u00e9gium k\u00f6zrem\u0171k\u00f6d\u00e9s\u00e9vel rendezt\u00fck meg az \u00e9rdekl\u0151d\u0151 hallgat\u00f3k sz\u00e1m\u00e1ra a 2023\/24 \u0151szi oktat\u00e1si f\u00e9l\u00e9vben.<\/p>\n\n\n\n<div class=\"wp-block-buttons is-layout-flex wp-block-buttons-is-layout-flex\">\n<div class=\"wp-block-button\"><a class=\"wp-block-button__link has-black-color has-text-color has-background has-link-color wp-element-button\" href=\"https:\/\/www.dropbox.com\/scl\/fi\/12qfbqv15n3i315mtm360\/Digit-lis-Tervez-s-Poszter_A4.pdf?rlkey=8gox9e96nm97vrph29ie92fk0&amp;dl=1\" style=\"border-radius:0px;background-color:#2d7ffaa3\">Plak\u00e1t (.pdf)<\/a><\/div>\n<\/div>\n\n\n\n<div style=\"height:15px\" aria-hidden=\"true\" class=\"wp-block-spacer\"><\/div>\n\n\n\n<div class=\"wp-block-buttons is-layout-flex wp-block-buttons-is-layout-flex\">\n<div class=\"wp-block-button\"><a class=\"wp-block-button__link has-black-color has-text-color has-background has-link-color wp-element-button\" href=\"https:\/\/www.dropbox.com\/scl\/fi\/irdprevxem914snobzibm\/Digit-lis-Tervez-s-kurzusle-r-s.pdf?rlkey=azi1aljp25sph875qz77zrojf&amp;dl=1\" style=\"border-radius:0px;background-color:#2d7ffaa3\">Kurzusle\u00edr\u00e1s (.pdf)<\/a><\/div>\n<\/div>\n\n\n\n<div style=\"height:15px\" aria-hidden=\"true\" class=\"wp-block-spacer\"><\/div>\n\n\n\n<div class=\"wp-block-buttons is-layout-flex wp-block-buttons-is-layout-flex\">\n<div class=\"wp-block-button\"><a class=\"wp-block-button__link has-background wp-element-button\" href=\"https:\/\/c3d.hu\/letoltes\/#creobeallitokornyezet\" style=\"border-radius:0px;background-color:#ee3e4b\" target=\"_blank\" rel=\"noreferrer noopener\">C3D Creo 8 Setup<\/a><\/div>\n<\/div>\n<\/div><\/div>\n\n\n\n<div style=\"height:10px\" aria-hidden=\"true\" class=\"wp-block-spacer\"><\/div>\n\n\n\n<hr class=\"wp-block-separator has-alpha-channel-opacity is-style-wide\"\/>\n\n\n\n<h4 class=\"wp-block-heading\">Kurzus alkalmak f\u00e1jljai<\/h4>\n\n\n\n<div style=\"height:10px\" aria-hidden=\"true\" class=\"wp-block-spacer\"><\/div>\n\n\n\n<div class=\"wp-block-group\"><div class=\"wp-block-group__inner-container is-layout-constrained wp-block-group-is-layout-constrained\">\n<div class=\"wp-block-columns is-layout-flex wp-container-core-columns-is-layout-9d6595d7 wp-block-columns-is-layout-flex\">\n<div class=\"wp-block-column is-layout-flow wp-block-column-is-layout-flow\" style=\"flex-basis:100%\">\n<details class=\"wp-block-details is-layout-flow wp-block-details-is-layout-flow\"><summary>1. kurzus alkalom &#8211; Param\u00e9terek, rel\u00e1ci\u00f3k \u00e9s makr\u00f3 szint\u0171 automatiz\u00e1l\u00e1s<\/summary>\n<div style=\"height:20px\" aria-hidden=\"true\" class=\"wp-block-spacer\"><\/div>\n\n\n\n<div class=\"wp-block-columns is-layout-flex wp-container-core-columns-is-layout-9d6595d7 wp-block-columns-is-layout-flex\">\n<div class=\"wp-block-column is-layout-flow wp-block-column-is-layout-flow\">\n<div class=\"wp-block-media-text is-stacked-on-mobile\"><figure class=\"wp-block-media-text__media\"><a href=\"https:\/\/www.dropbox.com\/scl\/fi\/nit91d3uvy11ufs5ojh2o\/EHDT_01_parametrikus_modellezes.pdf?rlkey=4lk67dpbmgq3m5ff6st9mycmp&amp;dl=1\"><img decoding=\"async\" width=\"791\" height=\"652\" src=\"https:\/\/pirosac3d.hu\/wopr\/wp-content\/uploads\/2024\/03\/Leiras_1.png\" alt=\"\" class=\"wp-image-641 size-full\"\/><\/a><\/figure><div class=\"wp-block-media-text__content\">\n<div style=\"height:10px\" aria-hidden=\"true\" class=\"wp-block-spacer\"><\/div>\n\n\n\n<p><strong>Parametrikus modellez\u00e9s le\u00edr\u00e1s (.pdf)<\/strong><\/p>\n\n\n\n<p>Az ezen alkalmon elv\u00e9gzett feladatok l\u00e9p\u00e9seinek le\u00edr\u00e1s\u00e1t innen t\u00f6ltheted le.<\/p>\n\n\n\n<div class=\"wp-block-buttons is-layout-flex wp-block-buttons-is-layout-flex\">\n<div class=\"wp-block-button\"><a class=\"wp-block-button__link has-black-color has-text-color has-background has-link-color wp-element-button\" href=\"https:\/\/www.dropbox.com\/scl\/fi\/nit91d3uvy11ufs5ojh2o\/EHDT_01_parametrikus_modellezes.pdf?rlkey=4lk67dpbmgq3m5ff6st9mycmp&amp;dl=1\" style=\"border-radius:0px;background-color:#2d7ffaa3\">Let\u00f6lt\u00e9s<\/a><\/div>\n<\/div>\n<\/div><\/div>\n<\/div>\n\n\n\n<div class=\"wp-block-column is-layout-flow wp-block-column-is-layout-flow\">\n<div class=\"wp-block-media-text is-stacked-on-mobile\"><figure class=\"wp-block-media-text__media\"><a href=\"https:\/\/www.dropbox.com\/scl\/fi\/kdctklbrtijrdoo7j1002\/c3d_ehdt.prt.1?rlkey=qbyyxcrplkenlbuhskyxmgc4o&amp;dl=1\"><img decoding=\"async\" width=\"473\" height=\"473\" src=\"http:\/\/pirosac3d.hu\/wopr\/wp-content\/uploads\/2024\/03\/Modell_1-4-1.png\" alt=\"\" class=\"wp-image-648 size-full\"\/><\/a><\/figure><div class=\"wp-block-media-text__content\">\n<div style=\"height:10px\" aria-hidden=\"true\" class=\"wp-block-spacer\"><\/div>\n\n\n\n<p><strong>Parametrikus modell (Creo)<\/strong><\/p>\n\n\n\n<p>Az ezen alkalmon k\u00e9sz\u00fclt modellt innen t\u00f6ltheted le. <em>A megnyit\u00e1s\u00e1hoz Creo 4 vagy ann\u00e1l k\u00e9s\u0151bbi Creo szoftver sz\u00fcks\u00e9ges.<\/em><\/p>\n\n\n\n<div class=\"wp-block-buttons is-layout-flex wp-block-buttons-is-layout-flex\">\n<div class=\"wp-block-button\"><a class=\"wp-block-button__link has-black-color has-text-color has-background has-link-color wp-element-button\" href=\"https:\/\/www.dropbox.com\/scl\/fi\/kdctklbrtijrdoo7j1002\/c3d_ehdt.prt.1?rlkey=qbyyxcrplkenlbuhskyxmgc4o&amp;dl=1\" style=\"border-radius:0px;background-color:#2d7ffaa3\">Let\u00f6lt\u00e9s<\/a><\/div>\n<\/div>\n<\/div><\/div>\n<\/div>\n<\/div>\n<\/details>\n<\/div>\n<\/div>\n<\/div><\/div>\n\n\n\n<div class=\"wp-block-columns is-layout-flex wp-container-core-columns-is-layout-9d6595d7 wp-block-columns-is-layout-flex\">\n<div class=\"wp-block-column is-layout-flow wp-block-column-is-layout-flow\" style=\"flex-basis:100%\">\n<details class=\"wp-block-details is-layout-flow wp-block-details-is-layout-flow\"><summary>2. kurzus alkalom &#8211; Analitikus sz\u00e1m\u00edt\u00e1sok az Excelen t\u00fal<\/summary>\n<div style=\"height:20px\" aria-hidden=\"true\" class=\"wp-block-spacer\"><\/div>\n\n\n\n<div class=\"wp-block-columns is-layout-flex wp-container-core-columns-is-layout-9d6595d7 wp-block-columns-is-layout-flex\">\n<div class=\"wp-block-column is-layout-flow wp-block-column-is-layout-flow\">\n<div class=\"wp-block-media-text is-stacked-on-mobile\"><figure class=\"wp-block-media-text__media\"><a href=\"https:\/\/www.dropbox.com\/scl\/fi\/mos5kdb6t7vd0a8fsx7ze\/osszetett_mozgas.pdf?rlkey=c2smu4ga4sd76s57cdgpe7r59&amp;dl=1\"><img loading=\"lazy\" decoding=\"async\" width=\"987\" height=\"955\" src=\"https:\/\/pirosac3d.hu\/wopr\/wp-content\/uploads\/2024\/03\/leiras.png\" alt=\"\" class=\"wp-image-668 size-full\"\/><\/a><\/figure><div class=\"wp-block-media-text__content\">\n<div style=\"height:10px\" aria-hidden=\"true\" class=\"wp-block-spacer\"><\/div>\n\n\n\n<p><strong>\u00d6sszetett mozg\u00e1s (.pdf)<\/strong><\/p>\n\n\n\n<p>Az ezen alkalmon elv\u00e9gzett sz\u00e1m\u00edt\u00e1sok le\u00edr\u00e1s\u00e1t innen t\u00f6ltheted le.<\/p>\n\n\n\n<div class=\"wp-block-buttons is-layout-flex wp-block-buttons-is-layout-flex\">\n<div class=\"wp-block-button\"><a class=\"wp-block-button__link has-black-color has-text-color has-background has-link-color wp-element-button\" href=\"https:\/\/www.dropbox.com\/scl\/fi\/mos5kdb6t7vd0a8fsx7ze\/osszetett_mozgas.pdf?rlkey=c2smu4ga4sd76s57cdgpe7r59&amp;dl=1\" style=\"border-radius:0px;background-color:#2d7ffaa3\">Let\u00f6lt\u00e9s<\/a><\/div>\n<\/div>\n<\/div><\/div>\n<\/div>\n\n\n\n<div class=\"wp-block-column is-layout-flow wp-block-column-is-layout-flow\">\n<div class=\"wp-block-media-text is-stacked-on-mobile\"><figure class=\"wp-block-media-text__media\"><a href=\"https:\/\/www.dropbox.com\/scl\/fi\/cdpte7pfiluvyxvix7165\/osszetett_mozgas.sm?rlkey=hymr1hau7uh68o22y2esryk0x&amp;dl=1\"><img loading=\"lazy\" decoding=\"async\" width=\"313\" height=\"311\" src=\"https:\/\/pirosac3d.hu\/wopr\/wp-content\/uploads\/2024\/03\/2021_SMath-Solver-SMath-Writer-Logo-7.png\" alt=\"\" class=\"wp-image-685 size-full\"\/><\/a><\/figure><div class=\"wp-block-media-text__content\">\n<p><strong>\u00d6sszetett mozg\u00e1s (SMath)<\/strong><\/p>\n\n\n\n<p>Az ezen alkalmon k\u00e9sz\u00fclt SMath f\u00e1jlt innen t\u00f6ltheted le.&nbsp;<em>A megnyit\u00e1s\u00e1hoz SMath szoftver sz\u00fcks\u00e9ges, ami ingyenesen let\u00f6lthet\u0151 az internetr\u0151l.<\/em><\/p>\n\n\n\n<div class=\"wp-block-buttons is-layout-flex wp-block-buttons-is-layout-flex\">\n<div class=\"wp-block-button\"><a class=\"wp-block-button__link has-black-color has-text-color has-background has-link-color wp-element-button\" href=\"https:\/\/www.dropbox.com\/scl\/fi\/cdpte7pfiluvyxvix7165\/osszetett_mozgas.sm?rlkey=hymr1hau7uh68o22y2esryk0x&amp;dl=1\" style=\"border-radius:0px;background-color:#2d7ffaa3\">Let\u00f6lt\u00e9s<\/a><\/div>\n<\/div>\n<\/div><\/div>\n<\/div>\n<\/div>\n\n\n\n<div class=\"wp-block-columns is-layout-flex wp-container-core-columns-is-layout-9d6595d7 wp-block-columns-is-layout-flex\">\n<div class=\"wp-block-column is-layout-flow wp-block-column-is-layout-flow\">\n<div class=\"wp-block-media-text is-stacked-on-mobile\"><figure class=\"wp-block-media-text__media\"><a href=\"https:\/\/www.dropbox.com\/scl\/fi\/iwtm6w4falgxj0i9w6djw\/SMath_kezdolepesek.pdf?rlkey=tfqr9zdatv1zppqaf28urbfoh&amp;dl=1\"><img loading=\"lazy\" decoding=\"async\" width=\"868\" height=\"868\" src=\"https:\/\/pirosac3d.hu\/wopr\/wp-content\/uploads\/2024\/03\/smath_tutorial-1.png\" alt=\"\" class=\"wp-image-692 size-full\"\/><\/a><\/figure><div class=\"wp-block-media-text__content\">\n<div style=\"height:10px\" aria-hidden=\"true\" class=\"wp-block-spacer\"><\/div>\n\n\n\n<p><strong>SMath kezd\u0151l\u00e9p\u00e9sek (.pdf)<\/strong><\/p>\n\n\n\n<p>Innen egy \u00fatmutat\u00f3t t\u00f6lthetsz le az SMath szoftver haszn\u00e1lat\u00e1hoz.<\/p>\n\n\n\n<div class=\"wp-block-buttons is-layout-flex wp-block-buttons-is-layout-flex\">\n<div class=\"wp-block-button\"><a class=\"wp-block-button__link has-black-color has-text-color has-background has-link-color wp-element-button\" href=\"https:\/\/www.dropbox.com\/scl\/fi\/iwtm6w4falgxj0i9w6djw\/SMath_kezdolepesek.pdf?rlkey=tfqr9zdatv1zppqaf28urbfoh&amp;dl=1\" style=\"border-radius:0px;background-color:#2d7ffaa3\">Let\u00f6lt\u00e9s<\/a><\/div>\n<\/div>\n<\/div><\/div>\n<\/div>\n\n\n\n<div class=\"wp-block-column is-layout-flow wp-block-column-is-layout-flow\">\n<div class=\"wp-block-media-text is-stacked-on-mobile\"><figure class=\"wp-block-media-text__media\"><a href=\"https:\/\/www.dropbox.com\/scl\/fi\/cl4gqh6tgfdl55xz596mv\/SMath_kezdolepesek.sm?rlkey=lsgporv9b6amo7c32zs9r94tr&amp;dl=1\"><img loading=\"lazy\" decoding=\"async\" width=\"313\" height=\"311\" src=\"https:\/\/pirosac3d.hu\/wopr\/wp-content\/uploads\/2024\/03\/2021_SMath-Solver-SMath-Writer-Logo-7.png\" alt=\"\" class=\"wp-image-685 size-full\"\/><\/a><\/figure><div class=\"wp-block-media-text__content\">\n<p><strong>SMath kezd\u0151l\u00e9p\u00e9sek (SMath)<\/strong><\/p>\n\n\n\n<p>Az &#8222;SMath kezd\u0151l\u00e9p\u00e9sek&#8221; \u00fatmutat\u00f3 eredeti SMath f\u00e1jlj\u00e1t innen t\u00f6ltheted le. <em>A megnyit\u00e1s\u00e1hoz SMath szoftver sz\u00fcks\u00e9ges, ami ingyenesen let\u00f6lthet\u0151 az internetr\u0151l.<\/em><\/p>\n\n\n\n<div class=\"wp-block-buttons is-layout-flex wp-block-buttons-is-layout-flex\">\n<div class=\"wp-block-button\"><a class=\"wp-block-button__link has-black-color has-text-color has-background has-link-color wp-element-button\" href=\"https:\/\/www.dropbox.com\/scl\/fi\/cl4gqh6tgfdl55xz596mv\/SMath_kezdolepesek.sm?rlkey=lsgporv9b6amo7c32zs9r94tr&amp;dl=1\" style=\"border-radius:0px;background-color:#2d7ffaa3\">Let\u00f6lt\u00e9s<\/a><\/div>\n<\/div>\n<\/div><\/div>\n<\/div>\n<\/div>\n\n\n\n<div class=\"wp-block-columns is-layout-flex wp-container-core-columns-is-layout-9d6595d7 wp-block-columns-is-layout-flex\">\n<div class=\"wp-block-column is-layout-flow wp-block-column-is-layout-flow\">\n<div class=\"wp-block-media-text is-stacked-on-mobile\"><figure class=\"wp-block-media-text__media\"><a href=\"https:\/\/www.dropbox.com\/scl\/fi\/c0biljtpspa361ib2c0f7\/SMath_shortcuts.pdf?rlkey=s64u0xagto09txv98lwo3bc0q&amp;dl=1\"><img loading=\"lazy\" decoding=\"async\" width=\"825\" height=\"825\" src=\"https:\/\/pirosac3d.hu\/wopr\/wp-content\/uploads\/2024\/03\/smath_macros-1.png\" alt=\"\" class=\"wp-image-699 size-full\"\/><\/a><\/figure><div class=\"wp-block-media-text__content\">\n<div style=\"height:10px\" aria-hidden=\"true\" class=\"wp-block-spacer\"><\/div>\n\n\n\n<p><strong>SMath shortcuts (.pdf)<\/strong><\/p>\n\n\n\n<p>Az SMath haszn\u00e1lat\u00e1t megk\u00f6nny\u00edt\u0151 makr\u00f3k gy\u0171jtem\u00e9ny\u00e9t innen t\u00f6ltheted le.<\/p>\n\n\n\n<div class=\"wp-block-buttons is-layout-flex wp-block-buttons-is-layout-flex\">\n<div class=\"wp-block-button\"><a class=\"wp-block-button__link has-black-color has-text-color has-background has-link-color wp-element-button\" href=\"https:\/\/www.dropbox.com\/scl\/fi\/c0biljtpspa361ib2c0f7\/SMath_shortcuts.pdf?rlkey=s64u0xagto09txv98lwo3bc0q&amp;dl=1\" style=\"border-radius:0px;background-color:#2d7ffaa3\">Let\u00f6lt\u00e9s<\/a><\/div>\n<\/div>\n<\/div><\/div>\n<\/div>\n\n\n\n<div class=\"wp-block-column is-layout-flow wp-block-column-is-layout-flow\"><\/div>\n<\/div>\n<\/details>\n<\/div>\n<\/div>\n\n\n\n<div class=\"wp-block-group\"><div class=\"wp-block-group__inner-container is-layout-constrained wp-block-group-is-layout-constrained\">\n<div class=\"wp-block-columns is-layout-flex wp-container-core-columns-is-layout-9d6595d7 wp-block-columns-is-layout-flex\">\n<div class=\"wp-block-column is-layout-flow wp-block-column-is-layout-flow\" style=\"flex-basis:100%\">\n<details class=\"wp-block-details is-layout-flow wp-block-details-is-layout-flow\"><summary>3. kurzus alkalom &#8211; Ism\u00e9tl\u0151d\u0151 feladatok, nagy sz\u00e1m\u00fa adat feldolgoz\u00e1sa programoz\u00e1ssal<\/summary>\n<div class=\"wp-block-columns is-layout-flex wp-container-core-columns-is-layout-9d6595d7 wp-block-columns-is-layout-flex\">\n<div class=\"wp-block-column is-layout-flow wp-block-column-is-layout-flow\">\n<div class=\"wp-block-media-text is-stacked-on-mobile\"><figure class=\"wp-block-media-text__media\"><a href=\"https:\/\/www.dropbox.com\/scl\/fi\/75fuhv94go0fo6q6p7ii1\/EHDT_2023_03.zip?rlkey=1bj05k9c156cx3faryas607jn&amp;dl=1\"><img loading=\"lazy\" decoding=\"async\" width=\"1099\" height=\"1099\" src=\"https:\/\/pirosac3d.hu\/wopr\/wp-content\/uploads\/2024\/03\/\u2014Pngtree\u2014zip-file-document-icon_4176731-1.png\" alt=\"\" class=\"wp-image-701 size-full\"\/><\/a><\/figure><div class=\"wp-block-media-text__content\">\n<p><strong>F\u00e1jlok (.zip)<\/strong><\/p>\n\n\n\n<p>Az ezen alkalmon l\u00e9trehozott f\u00e1jlokat zip form\u00e1tumban innen t\u00f6ltheted le.<\/p>\n\n\n\n<div class=\"wp-block-buttons is-layout-flex wp-block-buttons-is-layout-flex\">\n<div class=\"wp-block-button\"><a class=\"wp-block-button__link has-black-color has-text-color has-background has-link-color wp-element-button\" href=\"https:\/\/www.dropbox.com\/scl\/fi\/75fuhv94go0fo6q6p7ii1\/EHDT_2023_03.zip?rlkey=1bj05k9c156cx3faryas607jn&amp;dl=1\" style=\"border-radius:0px;background-color:#2d7ffaa3\">Let\u00f6lt\u00e9s<\/a><\/div>\n<\/div>\n<\/div><\/div>\n<\/div>\n\n\n\n<div class=\"wp-block-column is-layout-flow wp-block-column-is-layout-flow\"><\/div>\n<\/div>\n<\/details>\n<\/div>\n<\/div>\n<\/div><\/div>\n\n\n\n<div class=\"wp-block-columns is-layout-flex wp-container-core-columns-is-layout-9d6595d7 wp-block-columns-is-layout-flex\">\n<div class=\"wp-block-column is-layout-flow wp-block-column-is-layout-flow\" style=\"flex-basis:100%\">\n<details class=\"wp-block-details is-layout-flow wp-block-details-is-layout-flow\"><summary>4. kurzus alkalom &#8211; Vizualiz\u00e1ci\u00f3 Open Source alapon<\/summary>\n<div style=\"height:20px\" aria-hidden=\"true\" class=\"wp-block-spacer\"><\/div>\n\n\n\n<div class=\"wp-block-columns is-layout-flex wp-container-core-columns-is-layout-9d6595d7 wp-block-columns-is-layout-flex\">\n<div class=\"wp-block-column is-layout-flow wp-block-column-is-layout-flow\">\n<div class=\"wp-block-media-text is-stacked-on-mobile\"><figure class=\"wp-block-media-text__media\"><a href=\"https:\/\/www.dropbox.com\/scl\/fi\/g0nfuwgyk2um47yl4y11v\/EHDT_04_vizualizacio.pdf?rlkey=9lz6in2c9g5oqklo0x3unf8ei&amp;dl=1\"><img loading=\"lazy\" decoding=\"async\" width=\"1040\" height=\"951\" src=\"https:\/\/pirosac3d.hu\/wopr\/wp-content\/uploads\/2024\/03\/1-1-2.png\" alt=\"\" class=\"wp-image-707 size-full\"\/><\/a><\/figure><div class=\"wp-block-media-text__content\">\n<div style=\"height:10px\" aria-hidden=\"true\" class=\"wp-block-spacer\"><\/div>\n\n\n\n<p><strong>Vizualiz\u00e1ci\u00f3 le\u00edr\u00e1s (.pdf)<\/strong><\/p>\n\n\n\n<p>Az ezen alkalmon elv\u00e9gzett feladatok l\u00e9p\u00e9seinek le\u00edr\u00e1s\u00e1t innen t\u00f6ltheted le.<\/p>\n\n\n\n<div class=\"wp-block-buttons is-layout-flex wp-block-buttons-is-layout-flex\">\n<div class=\"wp-block-button\"><a class=\"wp-block-button__link has-black-color has-text-color has-background has-link-color wp-element-button\" href=\"https:\/\/www.dropbox.com\/scl\/fi\/g0nfuwgyk2um47yl4y11v\/EHDT_04_vizualizacio.pdf?rlkey=9lz6in2c9g5oqklo0x3unf8ei&amp;dl=1\" style=\"border-radius:0px;background-color:#2d7ffaa3\">Let\u00f6lt\u00e9s<\/a><\/div>\n<\/div>\n<\/div><\/div>\n<\/div>\n\n\n\n<div class=\"wp-block-column is-layout-flow wp-block-column-is-layout-flow\">\n<div class=\"wp-block-media-text is-stacked-on-mobile\"><figure class=\"wp-block-media-text__media\"><a href=\"https:\/\/www.dropbox.com\/scl\/fi\/nm79a3btyxbkesfopnm6p\/04_vizualizacio_scriptek.pdf?rlkey=9xry6ktjxklt3gacuvumbf696&amp;dl=1\"><img loading=\"lazy\" decoding=\"async\" width=\"1040\" height=\"1000\" src=\"https:\/\/pirosac3d.hu\/wopr\/wp-content\/uploads\/2024\/03\/2-1.png\" alt=\"\" class=\"wp-image-709 size-full\"\/><\/a><\/figure><div class=\"wp-block-media-text__content\">\n<div style=\"height:10px\" aria-hidden=\"true\" class=\"wp-block-spacer\"><\/div>\n\n\n\n<p><strong>Vizualiz\u00e1ci\u00f3 scriptek (.pdf)<\/strong><\/p>\n\n\n\n<p>Az ezen alkalmon haszn\u00e1lt scriptek gy\u0171jtem\u00e9ny\u00e9t innen t\u00f6ltheted le.<\/p>\n\n\n\n<div class=\"wp-block-buttons is-layout-flex wp-block-buttons-is-layout-flex\">\n<div class=\"wp-block-button\"><a class=\"wp-block-button__link has-black-color has-text-color has-background has-link-color wp-element-button\" href=\"https:\/\/www.dropbox.com\/scl\/fi\/nm79a3btyxbkesfopnm6p\/04_vizualizacio_scriptek.pdf?rlkey=9xry6ktjxklt3gacuvumbf696&amp;dl=1\" style=\"border-radius:0px;background-color:#2d7ffaa3\">Let\u00f6lt\u00e9s<\/a><\/div>\n<\/div>\n<\/div><\/div>\n<\/div>\n<\/div>\n\n\n\n<div class=\"wp-block-columns is-layout-flex wp-container-core-columns-is-layout-9d6595d7 wp-block-columns-is-layout-flex\">\n<div class=\"wp-block-column is-layout-flow wp-block-column-is-layout-flow\">\n<div class=\"wp-block-media-text is-stacked-on-mobile\"><figure class=\"wp-block-media-text__media\"><a href=\"https:\/\/www.dropbox.com\/scl\/fi\/w9gtcppnmoflpo373ihv3\/EHDT_2023_04.zip?rlkey=35qzn6rqg1w37xommgi2i8mtp&amp;dl=1\"><img loading=\"lazy\" decoding=\"async\" width=\"1099\" height=\"1099\" src=\"https:\/\/pirosac3d.hu\/wopr\/wp-content\/uploads\/2024\/03\/\u2014Pngtree\u2014zip-file-document-icon_4176731-1-1.png\" alt=\"\" class=\"wp-image-712 size-full\"\/><\/a><\/figure><div class=\"wp-block-media-text__content\">\n<p><strong>F\u00e1jlok (.zip)<\/strong><\/p>\n\n\n\n<p>Az ezen alkalmon l\u00e9trehozott f\u00e1jlokat zip form\u00e1tumban innen t\u00f6ltheted le.<\/p>\n\n\n\n<div class=\"wp-block-buttons is-layout-flex wp-block-buttons-is-layout-flex\">\n<div class=\"wp-block-button\"><a class=\"wp-block-button__link has-black-color has-text-color has-background has-link-color wp-element-button\" href=\"https:\/\/www.dropbox.com\/scl\/fi\/w9gtcppnmoflpo373ihv3\/EHDT_2023_04.zip?rlkey=35qzn6rqg1w37xommgi2i8mtp&amp;dl=1\" style=\"border-radius:0px;background-color:#2d7ffaa3\">Let\u00f6lt\u00e9s<\/a><\/div>\n<\/div>\n<\/div><\/div>\n<\/div>\n\n\n\n<div class=\"wp-block-column is-layout-flow wp-block-column-is-layout-flow\"><\/div>\n<\/div>\n<\/details>\n<\/div>\n<\/div>\n","protected":false},"excerpt":{"rendered":"<p>Kurzus alkalmak f\u00e1jljai<\/p>\n","protected":false},"author":5,"featured_media":0,"parent":575,"menu_order":0,"comment_status":"closed","ping_status":"closed","template":"","meta":{"footnotes":""},"class_list":["post-579","page","type-page","status-publish","hentry"],"_links":{"self":[{"href":"http:\/\/pirosac3d.hu\/index.php?rest_route=\/wp\/v2\/pages\/579","targetHints":{"allow":["GET"]}}],"collection":[{"href":"http:\/\/pirosac3d.hu\/index.php?rest_route=\/wp\/v2\/pages"}],"about":[{"href":"http:\/\/pirosac3d.hu\/index.php?rest_route=\/wp\/v2\/types\/page"}],"author":[{"embeddable":true,"href":"http:\/\/pirosac3d.hu\/index.php?rest_route=\/wp\/v2\/users\/5"}],"replies":[{"embeddable":true,"href":"http:\/\/pirosac3d.hu\/index.php?rest_route=%2Fwp%2Fv2%2Fcomments&post=579"}],"version-history":[{"count":63,"href":"http:\/\/pirosac3d.hu\/index.php?rest_route=\/wp\/v2\/pages\/579\/revisions"}],"predecessor-version":[{"id":789,"href":"http:\/\/pirosac3d.hu\/index.php?rest_route=\/wp\/v2\/pages\/579\/revisions\/789"}],"up":[{"embeddable":true,"href":"http:\/\/pirosac3d.hu\/index.php?rest_route=\/wp\/v2\/pages\/575"}],"wp:attachment":[{"href":"http:\/\/pirosac3d.hu\/index.php?rest_route=%2Fwp%2Fv2%2Fmedia&parent=579"}],"curies":[{"name":"wp","href":"https:\/\/api.w.org\/{rel}","templated":true}]}}